 36*s - 2916. What is the greatest common factor of s and 48?
12
Let r(f) = 42*f**2 + 28*f - 176. Let m be r(6). What is the greatest common factor of m and 16?
16
Suppose -n - 3*n + 56 = 4*z, -n - 1 = 0. Let j = z + -11. What is the greatest common factor of j and 12?
4
Let m(b) = 3*b**3 - 9*b**2 + 6*b - 5. Let r be m(5). Suppose 5*w - r = 5*l, w = -2*w - 5*l + 105. Calculate the greatest common divisor of w and 10.
5
Let m be (-3)/((-9)/(-6))*-2. Suppose 0 = -5*y + 7*y - m. Calculate the greatest common divisor of 4 and y.
2
Suppose -101*v + 104*v - 444 = 0. What is the greatest common factor of v and 666?
74
Let c(j) = j - 4. Let s be c(8). Let p be (-66)/10 + (-2)/5. Let q = 9 - p. What is the greatest common divisor of s and q?
4
Let g(l) = 8*l**2 + 9*l + 21. Let f be g(-6). Calculate the greatest common divisor of f and 105.
15
Let j be (-37876)/(-476) - ((-18)/(-14))/(-3). What is the highest common divisor of 70 and j?
10
Let q(a) = 14*a - 2. Let s be q(-2). Let r be (s/21)/(4/(-196)). Calculate the highest common factor of r and 28.
14
Suppose -4*f = -9*f + 10, -4*j = -3*f + 34. Let o be (-42)/9*6/j. What is the highest common factor of 12 and o?
4
Suppose -19*y + 5*y = -154. Let g = y - 2. Let o = -37 + 64. Calculate the greatest common factor of o and g.
9
Let j = -643 + 968. Calculate the highest common divisor of 13 and j.
13
Let x(y) = -3*y - 9. Let c(s) = 6*s + 18. Let k(t) = 2*c(t) + 5*x(t). Let j be k(-13). Calculate the highest common factor of 6 and j.
6
Let l(t) = 63*t + 21. Let n be l(0). Calculate the greatest common factor of 91 and n.
7
Let v = -709 - -718. Suppose 36 = 2*n + 2*n. Calculate the greatest common factor of v and n.
9
Suppose u - 2 = -4*a + 17, 13 = 3*a + u. Let n be 4 + (0 + -1 - -1). Let l be n/1 + 6/(-3). Calculate the highest common divisor of l and a.
2
Suppose -39*u + 34*u = -1100. Let h = u + -88. What is the greatest common factor of 33 and h?
33
Let y be (-48)/(-18)*-3 - -90. Calculate the highest common divisor of y and 287.
41
Let m = -24 - -34. Let d be (-4)/m - 13/5. Let b be 72/32*(-80)/d. Calculate the greatest common divisor of b and 40.
20
Suppose -2*q + 3*u = -465, u + 905 = -3*q + 7*q. Let h be (1 - -6 - 1) + 57 + -38. What is the greatest common divisor of q and h?
25
Let d(z) be the second derivative of -5*z**4/12 + z**3/6 - z**2 - 2*z. Let q be d(-2). Let y = -17 - q. What is the greatest common factor of y and 56?
7
Suppose -h = -3*h - 2*b + 92, -3*b + 46 = h. Let m = 68 + 346. Calculate the highest common factor of h and m.
46
Let y = -2480 - -2814. What is the greatest common divisor of 4 and y?
2
Let a = 39 + -19. Suppose 5 - a = -3*o. Suppose -3*g = g - 80. Calculate the highest common factor of g and o.
5
Suppose -2*g = g - 504. Let o be 175/100 - (-356)/16. Calculate the highest common factor of o and g.
24
Let w = -16 - -70. Suppose -241 = -m - 2*m + 2*h, -5*m + 409 = 4*h. What is the highest common factor of m and w?
27
Let r = -1 - -6. Let s = -5 + r. Suppose 0*i + 5*i - 30 = s. What is the greatest common divisor of i and 24?
6
Let l(k) = -k**3 + 7*k**2 + 8*k - 1. Let h be l(8). Let p be h/2 + 30/(-4). Let f be (1 - -156) + (-5 - p). What is the highest common divisor of f and 20?
20
Suppose -12 = 6*b - 7*b. What is the greatest common divisor of b and 44?
4
Let a = 7 + 6. Suppose -4*t = -3*t - a. Suppose -3*b = 2*j + 2*b - 202, 0 = -3*j + 2*b + 265. Calculate the greatest common divisor of j and t.
13
Let z = 14 + -11. Suppose -4*a = 3*l - 41, 5*l + z*a - 73 = a. What is the greatest common factor of l and 3?
3
Let o(n) = -2*n - 4. Let d be o(4). Let t = d + 14. Suppose 0 = -t*j - j + 75. Calculate the greatest common divisor of 275 and j.
25
Suppose 5*u + 4*c - 300 = 0, -72*c + 75*c + 240 = 4*u. What is the greatest common factor of 252 and u?
12
Let z be 7/((-35)/25) + 284 + 1. What is the highest common divisor of 210 and z?
70
Let z(j) = 3*j**3 - 9*j**2 - 206*j - 28. Let w be z(10). Suppose 0 = 2*c - 7*c + 210. What is the greatest common divisor of c and w?
6
Let k = 44 + -24. Let p be (-6*10/(-15))/((-2)/(-5)). Calculate the greatest common factor of p and k.
10
Suppose 0 = 3*p - 5*v - 320, -3*p = 4*v - 0*v - 338. Calculate the greatest common divisor of 20 and p.
10
Let p = -116 + 70. Let a = 100 + p. What is the greatest common divisor of a and 36?
18
Let d(p) = p**2 + p + 5. Let v be d(-6). Let b = 41 - -3. Let h = b - v. Calculate the highest common factor of 27 and h.
9
Suppose -7*w + 6*w = -4*t + 75, t + 5*w - 45 = 0. What is the greatest common factor of 95 and t?
5
Let u be 6*4/(-24)*-40*4. Calculate the greatest common divisor of 120 and u.
40
Suppose -13*r + 13110 = 25*r. Calculate the greatest common divisor of 60 and r.
15
Let u = 29 - 30. Let i be 3*(2 + 6 + u). Calculate the highest common divisor of i and 14.
7
Let h = -23 - -24. Let g = 7 + -6. What is the greatest common divisor of g and h?
1
Suppose 2 = -2*w + 20. Let n = -1 + w. Let f be (-75)/4*n/(-3). Calculate the greatest common factor of f and 10.
10
Suppose l = -4*x - 55, -3*x = -l - 2*l + 30. Let w = x - -49. What is the greatest common divisor of w and 27?
9
Let x(c) = 64*c**3 - c. Let u be x(1). Let q(s) = s**2 + 33*s + 189. Let d be q(-7). What is the greatest common factor of u and d?
7
Let q(i) = -2*i**2 - 22*i + 3. Let a be q(-9). What is the highest common divisor of 741 and a?
39
Let w = 18 + -1. Calculate the highest common divisor of 272 and w.
17
Let a be -255 + (1 - -1) - -1. Suppose -4*t + 4*b = -t - 4, -b = -2. Let f be t/((-16)/a)*2. Calculate the greatest common divisor of f and 14.
14
Let d = 526 + -478. Calculate the highest common divisor of d and 24.
24
Let o = 8414 + -8411. Suppose 0 = 2*s, 5*v + s - 5 = 4*s. Calculate the highest common factor of o and v.
1
Suppose -15*l + 345 = -645. What is the highest common divisor of l and 54?
6
Let f be (-651)/(-126) - 2/12. Suppose -f*h + 48 = -h. Let x = 24 - 6. What is the greatest common divisor of h and x?
6
Suppose 5*d - 1380 + 50 = 2*o, d - 5*o = 266. What is the highest common divisor of 42 and d?
14
Let h(z) = -z + 5. Let j be h(-3). Suppose -3*k - 5*r = -1, 4*k = -k - 2*r + j. Suppose -f + k = 1. What is the greatest common factor of f and 1?
1
Let v be 1/(-6) - 143259/(-306). Calculate the greatest common divisor of 72 and v.
36
Let d be 14/4*-2 - (11 - 279). Calculate the highest common divisor of d and 29.
29
Suppose 12*c = 73 + 215. What is the highest common divisor of 40 and c?
8
Let y be 1515/12 - (-2)/(-8). Suppose y = 2*b - 34. Suppose 332 + 27 = 17*p - 185. What is the highest common divisor of p and b?
16
Let r be (-2)/(-9) + 8900/45. Let l = r - 118. What is the highest common divisor of 120 and l?
40
Let z(h) = h**3 - 9*h**2 + 9*h - 11. Let g be z(9). Let i = -33 + 30. Let f be (14/(-4))/(i/12). Calculate the greatest common divisor of g and f.
14
Suppose -1216 = -18*f - 244. Suppose -4*w - 6*w = -90. What is the highest common factor of f and w?
9
Let j = -50 + 82. Let y = j + -4. What is the highest common divisor of 42 and y?
14
Suppose 6*m - 3*m = 15. Let q be m + (0 - 0 - 1). Let z = q - -9. What is the highest common divisor of z and 13?
13
Suppose 0 = -5*a + 12 + 148. Suppose 3*b + o = 383, -2*b + 5*o + 389 = b. What is the greatest common divisor of b and a?
32
Suppose -9 = j - 12. Suppose -j*y - 2*y + 77 = -2*g, -2*y - g = -29. What is the highest common factor of 240 and y?
15
Suppose 2*p - 28 = 112. Let t(y) = -y + 15. Let m be t(14). Let c be 18/m + (-16)/4. Calculate the highest common divisor of c and p.
14
Let i = 150 - 33. What is the greatest common divisor of i and 9?
9
Let m(v) = -v**3 - 8*v**2 + v + 10. Let f be m(-8). Suppose -f*i = i. Let q = i - -2. Calculate the highest common factor of q and 16.
2
Let m(k) be the third derivative of k**5/60 + k**4/4 + 4*k**3/3 + 10*k**2. Let u be m(-5). What is the highest common divisor of u and 2?
1
Suppose -18 = -c + 4*g, -5*c + 0*g - 5*g + 115 = 0. Calculate the highest common factor of c and 682.
22
Let b = 605 - 409. Calculate the greatest common divisor of 56 and b.
28
Let o(b) = -144*b - 225. Let v be o(-4). What is the highest common factor of 26 and v?
13
Let y(b) = -4*b**2 - 39*b + 5. Let v be y(-9). What is the highest common factor o